{"id":24,"date":"2020-05-19T15:14:59","date_gmt":"2020-05-19T15:14:59","guid":{"rendered":"https:\/\/www.utn.edu.ec\/deportes\/?page_id=24"},"modified":"2022-01-13T17:57:42","modified_gmt":"2022-01-13T17:57:42","slug":"historia","status":"publish","type":"page","link":"https:\/\/deportes.utn.edu.ec\/index.php\/historia\/","title":{"rendered":"HISTORIA"},"content":{"rendered":"\n<p>El deporte y la actividad f\u00edsica en la Universidad  T\u00e9cnica del Norte surge conjuntamente con los inicios como Instituci\u00f3n de Educaci\u00f3n Superior  de la misma y se desarrolla inicialmente con las disciplinas de f\u00fatbol, b\u00e1squet, gimnasia y taekwondo; y es a partir del a\u00f1o 2013 cuando por decisi\u00f3n del doctor Miguel Naranjo Toro, Rector de aquel entonces, se crea la Coordinaci\u00f3n de Deportes como la unidad administrativa adscrita a la Direcci\u00f3n de Vinculaci\u00f3n con la Colectividad, encargar\u00e1 de promover gestionar y difundir el deporte y la recreaci\u00f3n dentro y fuera de la universidad, la administraci\u00f3n de los escenarios deportivos y la vinculaci\u00f3n con la sociedad mediante la actividad f\u00edsica, deporte, recreaci\u00f3n e investigaci\u00f3n. La C.D inicia integrada por las disciplinas de f\u00fatbol, b\u00e1squet, nataci\u00f3n, triatl\u00f3n, taekwondo, gimnasia; en el 2014\u00a0 se incluyen las disciplinas de rugby y ecuavolley; en el 2015 se suman el ciclismo y ajedrez; y en el 2018 se incluye la disciplina de E-sports (Deportes Electr\u00f3nicos). Actualmente la Coordinaci\u00f3n de Deportes cuenta con 12 disciplinas deportivas, integradas por 500 deportistas entre estudiantes universitarios y personas de la comunidad en general vinculadas a la universidad. \u00a0\u00a0\u00a0<\/p>\n\n\n\n<p>,<\/p>\n","protected":false},"excerpt":{"rendered":"<p>El deporte y la actividad f\u00edsica en la Universidad T\u00e9cnica del Norte surge conjuntamente con los inicios como Instituci\u00f3n de Educaci\u00f3n Superior de la misma y se desarrolla inicialmente con las disciplinas<a class=\"moretag\" href=\"https:\/\/deportes.utn.edu.ec\/index.php\/historia\/\">Read More&#8230;<\/a><\/p>\n","protected":false},"author":1,"featured_media":0,"parent":0,"menu_order":0,"comment_status":"closed","ping_status":"closed","template":"","meta":{"footnotes":""},"class_list":["post-24","page","type-page","status-publish","hentry"],"_links":{"self":[{"href":"https:\/\/deportes.utn.edu.ec\/index.php\/wp-json\/wp\/v2\/pages\/24","targetHints":{"allow":["GET"]}}],"collection":[{"href":"https:\/\/deportes.utn.edu.ec\/index.php\/wp-json\/wp\/v2\/pages"}],"about":[{"href":"https:\/\/deportes.utn.edu.ec\/index.php\/wp-json\/wp\/v2\/types\/page"}],"author":[{"embeddable":true,"href":"https:\/\/deportes.utn.edu.ec\/index.php\/wp-json\/wp\/v2\/users\/1"}],"replies":[{"embeddable":true,"href":"https:\/\/deportes.utn.edu.ec\/index.php\/wp-json\/wp\/v2\/comments?post=24"}],"version-history":[{"count":4,"href":"https:\/\/deportes.utn.edu.ec\/index.php\/wp-json\/wp\/v2\/pages\/24\/revisions"}],"predecessor-version":[{"id":268,"href":"https:\/\/deportes.utn.edu.ec\/index.php\/wp-json\/wp\/v2\/pages\/24\/revisions\/268"}],"wp:attachment":[{"href":"https:\/\/deportes.utn.edu.ec\/index.php\/wp-json\/wp\/v2\/media?parent=24"}],"curies":[{"name":"wp","href":"https:\/\/api.w.org\/{rel}","templated":true}]}}